-2*s + 2*k + 12. List the prime factors of w(s).
3, 7
Let w = 522 - 512. Let i(h) = 4*h**2 + 18*h + 8. What are the prime factors of i(w)?
2, 3, 7
Let j = 229 + -227. What are the prime factors of 1 + (j + -5 - -314)?
2, 3, 13
Let d(k) = 10*k**3 - 3*k**2 + 37*k - 510. List the prime factors of d(9).
2, 3, 5, 229
Let n be (26/(-65))/(2/(-310)). Let l = -60 + n. Suppose f + 252 + 77 = 5*r, 2*r + l*f - 134 = 0. List the prime factors of r.
2, 3, 11
Suppose 0 = -3*h - a + 317, -5*h + 190 = 3*a - 337. Let w = 697 + h. What are the prime factors of w?
11, 73
Suppose -3*w + 3431 = -5*r, -2*r = 5*w - 4*w - 1162. What are the prime factors of w?
2, 3
Suppose -22*c + 17*c = -11*c. Suppose 0 = -u - 6 + 8, c = -v + 4*u + 1275. What are the prime factors of v?
1283
Let u(m) = 3*m**3 - 15*m**2 + m + 5. Let q be u(6). Let k = 119 - q. Suppose k = 4*h - 0*h - 308. List the prime factors of h.
7, 11
Suppose -9*x + 8*x + 2*d - 6 = 0, 2*x + 3*d - 9 = 0. Suppose x = -6*k + 1662 + 1788. List the prime factors of k.
5, 23
Let u(j) = 2 + 5027*j - 5036*j + 6*j**2 + 12. Suppose 24 = 5*n - l, 0*n + 3*n + 5*l = -8. What are the prime factors of u(n)?
2, 37
Let n = 35 + -30. Let y(p) = p + p + n - 12*p - p**2 + 0*p. List the prime factors of y(-10).
5
Suppose -4*v = -10*v + 294. Let d be (-28)/v + (-36)/(-14). Suppose 0 = n - d*q - 60, -20 = -9*q + 4*q. What are the prime factors of n?
2, 17
Suppose 0 = 2*r + r - 4*y - 20, -4*y - 28 = -5*r. Suppose -7*x = r*x - 1408. What are the prime factors of x?
2
Let v be 2346/12 + (-12)/(-8). Let p = v - -25. What are the prime factors of p?
2, 3, 37
Suppose -8 = 4*y, -5*d - 17810 = -y - 52912. Suppose -177*z + 171*z = -d. What are the prime factors of z?
2, 3, 5, 13
Let m(y) = y**3 + 67*y**2 + 695*y - 143. List the prime factors of m(-53).
2, 587
Suppose 2*v - j - 16241 = 0, 0 = 12*v - 4*v + 4*j - 64972. What are the prime factors of v?
3, 2707
Let x = -41 + -53. Let u = 227 + x. What are the prime factors of u?
7, 19
Let t(n) = -n**2 - 17*n - 8. Suppose 4*i - 2*q = 2*q - 40, 5*q + 41 = -2*i. List the prime factors of t(i).
2, 11
Suppose -16*p + 230408 = -11*p - 2*u, 16 = -4*u. What are the prime factors of p?
2, 3, 5
Let f(l) = 7*l**3 - 14*l**2 + l - 9. Let o(r) = -6*r**3 + 12*r**2 - 2*r + 8. Let p(x) = -2*f(x) - 3*o(x). List the prime factors of p(6).
2, 3, 11
Let j = 49 - 41. Suppose 6065 - 2169 = j*m. List the prime factors of m.
487
Let h(v) be the second derivative of -v**5/20 - v**4/3 - 7*v**3/6 + 6*v**2 + 3*v - 14. List the prime factors of h(-6).
2, 3, 7
Let g = -16341 + 30117. What are the prime factors of g?
2, 3, 7, 41
Let m(b) = 5*b - 65. Let p be m(13). Suppose -5*t - 3*r + 507 = p, -2*t - t - 3*r = -303. What are the prime factors of t?
2, 3, 17
Let r(y) = 46*y + 60. Let s(u) = -11*u - 57. Let m be s(-6). List the prime factors of r(m).
2, 3, 79
Suppose 2*y - 120472 = -4*q, 4*q - 1049*y - 120464 = -1052*y. What are the prime factors of q?
2, 15061
Let n = -46 - -50. Suppose 4*r + 5*t - 46 + 13 = 0, 0 = n*r - t - 3. List the prime factors of (1 + r)*(-3)/((-27)/276).
2, 23
Let g = 98 + -83. Suppose 0 = -5*s + g, 7*v - 4*s - 2123 = 2*v. What are the prime factors of v?
7, 61
Let c = -61206 + 107637. List the prime factors of c.
3, 7, 11, 67
Let y be 7/(-6 + 7) - -132. Suppose 4*l - 195 = -5*t, 3*l - 2*t + 6*t - 146 = 0. Let v = y - l. List the prime factors of v.
89
Let h = 302 - 280. Suppose -h*t + 32608 = -5210. What are the prime factors of t?
3, 191
Suppose 13*h - 36*h = 92. Let c(m) = -96*m + 15. What are the prime factors of c(h)?
3, 7, 19
What are the prime factors of (36/15)/((18/(-3960))/(652/(-24)))?
2, 11, 163
Suppose -5*v - 5*v = -63*v + 4125096. List the prime factors of v.
2, 3, 23, 47
Suppose 5*m + 2746 = -2*l + 30020, -2*m = -2*l - 10918. Suppose m = 10*i - 2*i. Suppose 210 - i = -4*n. List the prime factors of n.
2, 59
Let a = -706 + 3946. List the prime factors of a.
2, 3, 5
Suppose 3*s + 691392 = 26*s + 41*s. What are the prime factors of s?
3, 13, 277
Suppose 2*b - 4*y + 11 - 1 = 0, 0 = 5*y - 20. Suppose 0 = 4*c + 3*s - 315, 0 + b = 3*s. List the prime factors of c.
2, 3, 13
Suppose 4*g = 4*y - 32, 2*y = -3*y - 3*g + 16. Suppose -5*c + 563 = -y*b - 787, 3*c - 5*b = 814. Suppose -l + c = 3*l. List the prime factors of l.
67
What are the prime factors of (7/(-28))/(207390/51848 + -4)?
6481
Suppose -15*o = -24657 - 6108. What are the prime factors of o?
7, 293
Let k be 4*(-3 + 2 + -3 - -5). Suppose 5*c = -2*j - 1675, -2*j = 2*j - k*c + 3308. List the prime factors of (76/(-95))/(834/j + 1).
2, 83
Let y = -300 - -551. Let s = y - 60. What are the prime factors of s?
191
Let v = 750 - 186. Suppose 122 - v = -2*s. List the prime factors of s.
13, 17
Let z(a) = -a**3 - 7*a**2 + 7*a - 6. Let c be z(-8). Suppose 0 = -k + c*q + 71, 4*k + 5*q = k + 158. Suppose w - 196 = -k. List the prime factors of w.
3, 5
What are the prime factors of ((-6)/(-42))/((-93)/(-5820591))?
8941
Suppose 4*l + f - 47074 = 0, -26378 = 5*l - f - 85216. Suppose -2258 + l = 6*m. List the prime factors of m.
5, 317
Let v be 23/(46/(-144)) - (1 - 0). List the prime factors of (3*v/3)/(-1).
73
Let y = -7489 + 22348. List the prime factors of y.
3, 13, 127
Suppose -124*h = -1242698 - 477802. What are the prime factors of h?
3, 5, 37
Let s(d) = -755*d - 983. List the prime factors of s(-19).
2, 3, 17, 131
Suppose -255 = l - 6*l. Let f = 95 - l. Let r = f - -8. What are the prime factors of r?
2, 13
Let x(m) = 22*m - 162. Let n be x(6). List the prime factors of ((-266)/5)/(2/n*6).
7, 19
Let r be (-4 - -1) + -5 + -716. Let y = r - -1056. What are the prime factors of y?
2, 83
Let f = -17 - -21. Let i be -3 - (8/f - 164). Let b = i + -68. List the prime factors of b.
7, 13
Let p(n) be the third derivative of n**4/12 + 25*n**3/3 - n**2 + 3. Let r be p(14). Let k = 130 - r. List the prime factors of k.
2, 13
What are the prime factors of (239330/(-390))/((-3)/117)?
7, 13, 263
Suppose 17*y + 33 - 118 = 0. Suppose -95 = y*p - 2*z - 3543, -2*p + 3*z = -1377. What are the prime factors of p?
2, 3, 5, 23
Suppose -97 + 13 = -4*i. Let r = i + 6. Suppose r*z = 26*z + 57. List the prime factors of z.
3, 19
Let d be (21/(-9))/(3/1908). List the prime factors of ((-18)/12)/(2/d).
3, 7, 53
Let q(r) = -6*r + r**3 + 4*r + 50 + 58 - 2*r**3. Let i(v) = -4*v + 80. Let m be i(20). What are the prime factors of q(m)?
2, 3
Suppose a + 15 = -4*a, -2*i = -a + 1373. Let d be i/6*45/(-10). Suppose -3*k = 3*j - d, 0*k + k + 860 = 5*j. List the prime factors of j.
2, 43
Let n = -4 - -9. Suppose 2*j - 1 - 11 = -3*f, -4*f + 2*j = -16. Suppose -n*y = -25, f*y = -3*t + y + 186. List the prime factors of t.
3, 19
Suppose -166*c + 3531862 = -156*c + 84*c. What are the prime factors of c?
37573
Suppose -m + 15 = 20. Let a be 2/(-5) - (0 + 817/m). Let g = 310 - a. List the prime factors of g.
3, 7
Suppose -2*d = -2*a + 184, 0 = -a + 5 - 1. Let t = 96 + d. Suppose t*c = 12*c - 372. List the prime factors of c.
3, 31
Let l be (-32)/(-176) + 160/22*3. Let d(a) = -a**2 + 33*a - 4. List the prime factors of d(l).
2, 7, 17
Suppose 0 = -2*n + 2857 - 627. Let s = n + -252. List the prime factors of s.
863
Let q(s) = 134*s**3 + s**2 - 20*s + 18. Let g be q(4). Suppose 0 = -26*f - g + 44358. List the prime factors of f.
2, 13, 53
Suppose 49*a - 1944124 = -79*a + 19*a. What are the prime factors of a?
2, 7, 13
Suppose 209 = -2*n - 11. Let a = n + 110. Suppose f + 0*f - 117 = -4*u, a = 3*u + 5*f - 75. What are the prime factors of u?
2, 3, 5
Let p(q) = 14*q**2 + q**3 - 38*q - 17 + 21*q + 18*q. Let g be (-15)/(-60) + 42/(-8). List the prime factors of p(g).
7, 29
Let s = 358 + -358. Suppose -r - 3 = s, b - 3692 = -4*b + 4*r. List the prime factors of b.
2, 23
Suppose -27*t + 704481 = -58053. What are the prime factors of t?
2, 3, 523
Let y = -49 - -50. Let r be (y - -2) + (0/2)/(-3). Suppose 0 = -r*k + 50 + 118. List the prime factors of k.
2, 7
Let b(f) = -f**3 - 16*f**2 + 14*f - 18. Let i be b(-17). Suppose -15 = -8*g + i. Suppose -g*a = -7*a + 84. List the prime factors of a.
2, 3, 7
Let i be (526/3)/((-2)/(-3))*-3. Let f = i - -1237. List the prime factors of f.
2, 7
Let f(c) = c**3 + 9*c**2 + c - 22. Let h(b) = -b - 14. Let w be (-8 + 9)*(1 - 8). Let t be h(w). List the prime fac